 when f is divided by r.
6
Suppose -5*x + 16 = 5*i - 3*x, 4*i - 2*x = 20. Suppose -i*b + 62 - 18 = 0. Let n(f) = 2*f - 2. Calculate the remainder when b is divided by n(4).
5
Calculate the remainder when (-10)/(-65) + (-68476)/(-52) + 1 is divided by 22.
20
Suppose -2*f = 5*q - 20, 6*q = -5*f + q + 80. What is the remainder when 53 is divided by f?
13
Calculate the remainder when 146/10 - (4 + 88/(-20)) is divided by 8.
7
Suppose -104 = 2*k + 2*g, -272 = 7*k - 2*k + g. Let h = k + 67. Calculate the remainder when 21 is divided by h.
9
Suppose -4*r - 5*k - 10 = 0, k - 9 = 4*r + 13. What is the remainder when 26 is divided by r*(-4)/30 + 28/3?
6
Let i be 2*5/(5/2). Let d be (-6)/3 - (-63 + i). Suppose d = 3*u + 3*o + 2*o, 4*u + 3*o - 87 = 0. What is the remainder when u is divided by 5?
4
Suppose 2*p - 87 - 3 = 0. Suppose -40 = -4*k + 104. Suppose -a + k = 2*a. Calculate the remainder when p is divided by a.
9
Let d be (-3 + 3)/(-1 + 2). Calculate the remainder when 95 is divided by 2/(-3) - ((-308)/21 - d).
11
Suppose -9*g + 24*g - 270 = 0. Suppose g*s = 19*s - 2. Calculate the remainder when 10 is divided by s.
0
Let c be -18 - -2*(-8)/4. Calculate the remainder when 8 is divided by (0 + -1)/(c/66).
2
Suppose -2*u = 3*j - 37, -26*u + 28*u - 4*j = 16. Let p(w) = 2*w**2 - w - 2. Suppose -s = -5 + 1. Calculate the remainder when p(s) is divided by u.
12
Suppose 3*t + 3*a = 8*a + 71, 4*t = 3*a + 91. What is the remainder when ((-17)/2 + 7)/(9/(-516)) is divided by t?
20
Let b(z) = -65*z + 7221. Calculate the remainder when (-2)/(-4) + 58/4 is divided by b(111).
3
Suppose 2*v = k + 28, k - 161 = 6*k - 3*v. Let p be (-107)/(-2) - (-4)/(-8). Let j = k + p. What is the remainder when j is divided by 11?
8
Let s(k) = -5*k + k**2 - 9 - 2*k**2 - 2 + 17*k. Suppose -x = 2*b - 19, -x + 0*x - 3*b + 20 = 0. Calculate the remainder when x is divided by s(10).
8
Let l = 60 - 55. Suppose -3*s - j = -86, -j + l + 27 = s. Calculate the remainder when s is divided by 7.
6
Suppose 0 = -11*c + 2583 - 163. Calculate the remainder when c is divided by 75.
70
Calculate the remainder when (-32)/(-4) + (-20)/4 - -416 is divided by 21.
20
Let v be 1 - -8 - 16/4. Suppose -v*l - 5*o - 25 = -180, -3*l = o - 89. Calculate the remainder when l is divided by 16.
13
Let x(n) = -n**2 + 19*n - 27. Let d(p) = -4*p + 52. Let k be d(9). Calculate the remainder when x(k) is divided by 9.
3
Suppose v = -0*v + 16. Let t(p) be the second derivative of p**4/12 + 5*p**3/6 - 3*p**2 + 4*p. What is the remainder when t(4) is divided by v?
14
Let c(n) = -39*n - 57. Calculate the remainder when 55 is divided by c(-2).
13
Suppose 0 = 2*n - 2, v = 5*n + 10 + 32. Suppose 0 = 4*d + h - 69, -h = -2*h + 5. Calculate the remainder when v is divided by d.
15
Suppose -6 = -a - x, -x = a - 5*a + 9. Let m = -13 + 8. Let l = m + 7. What is the remainder when a is divided by l?
1
Let k be 5 + -6 + (0 - -4). Suppose -5*t = -a - a - 147, 4*t + k*a - 113 = 0. Suppose f = 39 + 17. What is the remainder when f is divided by t?
27
Let a = 30 + -21. Suppose -50 - a = -u. What is the remainder when u is divided by 30?
29
Let s = -9 + 29. What is the remainder when 5481/145 - (-1)/5 is divided by s?
18
Suppose 186 = -5*m + 11*m. What is the remainder when m is divided by 8?
7
Suppose 5*k - k - 2*s - 20 = 0, 3*k = -5*s + 15. Calculate the remainder when 38 is divided by k.
3
Let v = 65 - 36. Suppose s = -5*o + 28, o + 4 = 2*o + s. Let j(h) = -h**2 + 4*h + 18. What is the remainder when v is divided by j(o)?
5
Let y be (37 + 2 + 0)*1. Suppose -6*s + y = -5*s. Calculate the remainder when s is divided by 10.
9
Let n(j) = 2*j + 26. Let q be n(-12). What is the remainder when (-1310)/(-18) + (-2)/(-9) is divided by ((-38)/4)/(-1)*q?
16
Suppose -29*h + 468 = -20*h. What is the remainder when 90 is divided by h?
38
Let k(v) = v**2 - v - 3. Let b be k(4). Let a be b/3 + 73 + -3. Let t = a + -25. What is the remainder when t is divided by 17?
14
Suppose -4*j + 0*j + 8 = 0. Suppose -j = 5*h - 22. What is the remainder when 13 is divided by h?
1
Let l = 115 + -103. Let y be (-81)/(-63) - 4/14. What is the remainder when (35*(-2 + 3))/y is divided by l?
11
Let p(g) = 3*g + 3 + 2 - 8. Calculate the remainder when p(10) is divided by 10.
7
Calculate the remainder when 6 + (-7)/21*15 + 530 is divided by 38.
37
What is the remainder when 289 + -5 + (-1 - -5) is divided by 97?
94
Let v = 310 + -301. What is the remainder when 102/15*(5 + 0) is divided by v?
7
Suppose 2*l + 31 = 4*z + 5*l, -3*z = 5*l - 26. What is the remainder when (2 - 11) + (-3700)/(-100) - 2 is divided by z?
5
Let a = 41 - 1. Let y(p) = p**3 - 28*p**2 + 78*p - 54. Calculate the remainder when a is divided by y(25).
19
Suppose 0 = 4*o - 11 - 9. Suppose 0 = o*i + 450 + 165. Calculate the remainder when 10/(-3 + i/(-39)) is divided by 17.
14
Suppose -f + 2*w - 96 = 0, -5*w = 2*f - 31 + 250. Let o = 107 + f. Calculate the remainder when 15 is divided by o.
0
Suppose -3*t - 3*y + 7 + 2 = 0, 5*y = 5*t + 15. Let w be 4/16*t - -4. Suppose -w*l - 87 = -299. Calculate the remainder when l is divided by 18.
17
Suppose 15*y + 629 = 29. Let i = y + 103. Calculate the remainder when i is divided by 22.
19
Suppose -k = 21 - 7. What is the remainder when (-3)/(-3) - (3 + k) is divided by 2?
0
Let l(j) = j**2 + 11*j - 50. What is the remainder when l(-19) is divided by 35?
32
Suppose -t + 40 = -p, -4*t = -12*p + 11*p - 160. Calculate the remainder when 396 is divided by t.
36
Let w = 8 - 16. Let q(d) = 13*d**3 + 0*d**2 + 4*d - 2 + 13 - 7*d**2 - 14*d**3. What is the remainder when q(w) is divided by 11?
10
Suppose -398 + 1096 = 2*i. Let o = i - 230. What is the remainder when o is divided by 12?
11
Suppose 36*p + 18 = 34*p + 6*j, 2*p + 5*j - 70 = 0. Suppose -13 = -5*q + 17. What is the remainder when p is divided by q?
3
Suppose -2*q + 5*q + 39 = 0. Let z = -31 + q. Calculate the remainder when 19 is divided by (4/(-8))/(2/z).
8
Let a = 72 - 43. Let q = a - -69. What is the remainder when q is divided by 25?
23
Let a = 267 + 452. Calculate the remainder when a is divided by 48.
47
Calculate the remainder when (714/8)/(195/520) is divided by 76.
10
Suppose -3*u + 143 = -2*o, 4*u = -2*o - 3*o + 183. What is the remainder when 93 is divided by u?
46
Let m(z) = z**2 + 9*z + 10. Let v be (-17)/2 + 1/2. Let p be m(v). Suppose -5*u = -p*u - 45. What is the remainder when u is divided by 4?
3
Suppose 15 = 3*a + 2*a. Suppose 3*l = -a*l - 18. Calculate the remainder when 5 is divided by (-42)/49*14/l.
1
Let b = 58 - 43. What is the remainder when (-2)/(-15) + (-836)/(-30) is divided by b?
13
Let z(m) = m**3 + 11*m**2 + 6*m - 17. Let p(v) = 2*v - 2. Let u be p(5). Let h = u - 1. Calculate the remainder when z(-10) is divided by h.
2
Let d be 4/14 + 702/42. Let h(b) = -b**2 + 17*b - 2. Let s be h(d). Calculate the remainder when (-44)/s + 16/8 is divided by 9.
6
Let g be 0/((-6 - -3) + 2). Suppose -5*p - 62 + 162 = g. Suppose 2 = -3*y + p. What is the remainder when 10 is divided by y?
4
Let o = -42 + 75. Suppose -6*i + 5 = -11*i, -i = -3*v + 55. Calculate the remainder when o is divided by v.
15
Let b be (-105)/(-14)*8/(-6). Let w be 6/b + 92/20. Suppose 0 = 2*a - 4 - w. What is the remainder when 7 is divided by a?
3
Suppose -2*p + 45 = w, -118 = -3*w + w + 3*p. Suppose -5*z + 25 = 2*h - 3, w = 3*h + 2*z. What is the remainder when h is divided by (9 - 6)*5/(-3)*-1?
4
Suppose 0 = -3*n + 3*i + 9, 3*i = -4*n - 2 - 0. Suppose 0 = -c + 4 + n. Suppose -c*a = -9*a + 60. What is the remainder when 28 is divided by a?
13
Suppose 2*w - 10*w + 1976 = 0. Calculate the remainder when w is divided by 62.
61
Let p = 363 - 333. Calculate the remainder when 237 is divided by p.
27
Let n = -111 - -253. Calculate the remainder when n is divided by -5 + 0 + 41/1.
34
Let c = 599 - 337. Calculate the remainder when c is divided by 66.
64
Let j be (-2 - -1) + (-15)/(-5). Suppose -j*z + 44 = 2*u, 0*u + 14 = z - 3*u. Let d(c) = c**2 - 5*c - 3. Calculate the remainder when z is divided by d(7).
9
Let v = -11 - -8. Let c = v + 4. What is the remainder when 49 is divided by c/((4/17)/4)?
15
Suppose 37*w = 32*w + 4*n + 70, -20 = -w + 2*n. What is the remainder when 12/1*38/8 is divided by w?
7
Let h = -59 + 70. Ca